1. Is 3/3*(q - 2) composite?
False
Let o = 19 + -21. Let a be (50 + o)/(-2)*645/(-10). Suppose 5*q - 5933 = -a. Is q a composite number?
False
Suppose x + 20 = 3*x + 2*w, -4*x = w - 43. Suppose -x + 1 = -5*k. Is (k/(-3))/((-34)/28203) a composite number?
True
Let g(l) = 105*l**2 + 3*l + 1. Let w = 9 - -69. Let o = w - 74. Is g(o) a composite number?
False
Let o be 754/261 - (-2)/18 - 2065. Is (0 - 1)/((-2)/o)*-1 composite?
False
Let x = -42 - -71. Suppose -4*u + 3*i + x = -0*i, 5*u - 35 = 4*i. Suppose -4*l + 527 = u. Is l composite?
True
Let a(b) = -32*b**3 + 6*b**2 - 6*b - 49. Let i(n) = -n**2 + 22*n + 68. Let c be i(25). Is a(c) a composite number?
True
Suppose 129263 = h + 3*x, 37*h + x = 34*h + 387789. Is h prime?
True
Let w be (-103956)/8*(-2)/6*2. Suppose -w = 16*j - 44711. Is j prime?
False
Let s(o) = -o**3 - o**2 + 2*o + 2. Let a be s(0). Suppose 62 = -a*g + 78. Is 2299/44 + 6/g composite?
False
Suppose 4*r + 0*r = 4*g - 7848, -3*g - 4*r = -5914. Suppose 0 = -5*i - 141 + g. Is i composite?
True
Let q(g) = 1115*g - 237. Is q(34) a prime number?
False
Let i = 367164 - 156867. Is i a composite number?
True
Let a(s) = 36*s**2 + 2*s - 1. Let d(h) = -37*h**2 - 3*h + 1. Suppose 16 - 1 = 3*b. Let m(i) = b*a(i) + 4*d(i). Is m(-1) a prime number?
False
Is 6 - (-64)/(-12) - 177561/(-27)*19 a prime number?
True
Let h be (-86)/9 - ((-140)/45)/(-7). Is (-847033)/(-55) - 4/h prime?
True
Let i(w) be the first derivative of -w**4/4 - w**3 + 3*w**2/2 - 4*w + 21. Let o be i(-4). Suppose 8*c - 2979 + 251 = o. Is c prime?
False
Suppose -3*f + 87 = 5*g - 2*f, 4*g - 5*f - 87 = 0. Suppose 0 = -3*r - 0*r + g. Suppose -r*h + 5*h = -635. Is h a prime number?
False
Let s be 10/(-15)*(8 + (-4 - 22)). Let n = 6525 + -3118. Suppose 13*v = s*v + n. Is v prime?
True
Suppose 5*r - 4*p - 15190 = 0, -3*r - 4673 + 13809 = 2*p. Let z = 8561 - r. Is z a prime number?
True
Suppose -4*w + 19 = -3*w. Suppose 0*m + w*m - 18107 = 0. Is m composite?
False
Let z(y) = -806*y + 8. Let d be 120/(-16)*4/(-5). Let b be z(d). Is 2*1*7/((-56)/b) composite?
True
Let u(f) = 413*f**2. Let y = 91 + -84. Suppose -y*k + 10*k - 3 = 0. Is u(k) prime?
False
Suppose 0 = 3*u + 3*w + 6, -4 - 6 = 3*u + 4*w. Let j(p) = u - 45*p + 214*p - 9. Is j(14) prime?
False
Let n(v) be the second derivative of 23*v**4 + v**3/2 - 7*v**2/2 + 23*v. Let k be n(2). Let t = -96 + k. Is t a composite number?
True
Let t = -491 - -492. Is (24/48)/(t/25078) a prime number?
True
Let g = -39 - -41. Suppose -g*o = -8*o + 18. Suppose t - 3*r + 654 = 4*t, o*t - 5*r = 678. Is t prime?
False
Let l be (-45)/(-6) + (-3)/2. Suppose 0 = l*t + 676 - 2020. Suppose t = -4*r + 1284. Is r a composite number?
True
Suppose 2235 + 4585 = 10*z. Suppose -2*o = 3*p - 5*o - 1986, p + 3*o = z. Is p prime?
False
Let n(a) = -a**2 + 4*a - 4. Let k be n(3). Let w(v) = 2857*v**2 - v - 1. Is w(k) a composite number?
False
Suppose 5*h + c = 3*c + 85418, 4*h = 3*c + 68333. Suppose 35*q - 31*q - h = 0. Is q composite?
False
Let l(s) = -47*s**3 + 2*s**2 - s - 2. Let z be l(-1). Suppose 0 = -z*c + 50*c - 12450. Suppose 2*j - c = -5*f, -3*j = -0*f - 3*f + 3756. Is f prime?
False
Let u = -11 + 21. Suppose 0 = 23*a + 1 - 47. Is a + 2 - 10/u a prime number?
True
Let w(s) = -3*s**3 - 77*s**2 - 59*s + 131. Is w(-38) composite?
True
Suppose 200*i = 199*i + 1. Let q(t) be the first derivative of 673*t**4/4 + t**3/3 - t + 2. Is q(i) prime?
True
Is ((-53374)/5)/(358/(-895)) prime?
True
Let v(b) = 17*b + 345. Let o be v(-20). Suppose 2*j + 2*t - 20433 = -3*t, o*j = -t + 51140. Is j prime?
False
Suppose -1101424 = -5*i - 3*w, -16*i - 29*w + 27*w = -3524534. Is i a composite number?
True
Is (-30)/(-3)*49590935/2050 prime?
True
Suppose 3*z - 2*x = -7*x - 24, -4*x = 12. Let h(k) = -1310*k + 7. Is h(z) a composite number?
True
Is 49579 - (4/4 - (1 - -8)) a prime number?
False
Let c be 10 + ((-36)/12 - -1*1). Suppose 0 = 34*t - 30*t - c. Suppose 4*i - 4225 = -i - 4*s, 0 = 5*i - t*s - 4195. Is i composite?
True
Let a(d) = d**3 - 19*d**2 + 2*d - 10. Let q be a(19). Suppose -16*f = -q*f + 108804. Is f prime?
True
Let c(g) = -g**2 + 13*g - 22. Let y be c(2). Suppose 111*s - 106*s - 2755 = y. Is s a prime number?
False
Let q(p) = -9*p**3 + 2*p**2 - 6*p + 11. Let r(f) = 2*f**2 + 18*f + 10. Let h be r(-8). Is q(h) composite?
False
Let c be 2 - (-42)/(-12) - (-77625)/6. Suppose -8*a + 19728 = -c. Is a prime?
False
Let p(d) = 8*d + 3. Let q(t) = t. Let k(z) = -p(z) + 6*q(z). Let s be k(-4). Suppose s*r - 1255 = 2*y, -y + 238 = -3*r + 990. Is r prime?
False
Suppose 0 = 5*a - 3 - 22. Let m = -5216 + 10946. Suppose a*y + 4550 = 4*k, -4*k + 2*y = 1186 - m. Is k a prime number?
False
Is (569/(-1138))/(1/(-1512926)) a composite number?
False
Suppose -4*t = 12, -2601 = 3*x - 2*t - 52317. Suppose x = -f + 11*f. Is f composite?
False
Suppose 4*n - 2*g + 14158 = 43016, 0 = -4*n - 3*g + 28853. Is n prime?
False
Suppose -44*g + 46*g + 46 = -4*j, 3*g - 2*j = -53. Let b(r) be the second derivative of r**4/4 - 4*r**3 - r**2/2 + r. Is b(g) a prime number?
False
Let c(s) = 3188*s**2 - 11*s + 1. Let p be c(-2). Suppose 2*x - 9*t = -5*t + 5134, 5*x + 2*t - p = 0. Is x composite?
False
Let f = 3953 - 10044. Let z = f - -13958. Is z prime?
True
Suppose 84 = -10*x - 18*x. Is (x - (-4174)/4)/((-2)/(-12)) composite?
True
Let x = 469625 - 236034. Is x a composite number?
False
Suppose -2*l - 3*l + 3*o + 115807 = 0, 3*o = -4*l + 92624. Is l a composite number?
False
Let b = -61605 - -90806. Is b a prime number?
True
Let h(a) = -99*a + 256. Let l = 12 - 41. Is h(l) composite?
True
Let q(m) = 2934*m**2 + 21*m - 14. Is q(1) a composite number?
True
Let g = 46169 + 13494. Is g composite?
False
Suppose -7741 - 1007 = -4*k - 4*h, h = 4*k - 8748. Suppose 124*x + k = 125*x. Suppose 2*y - x = -365. Is y a composite number?
False
Suppose 0 = -4591*m + 4580*m + 616891. Is m a prime number?
True
Let v(u) = -179*u**3 + 3*u**2 + 7*u + 9. Let w be v(-3). Let d be (w/40)/((-2)/(-35)). Suppose y - d = -2*y. Is y a composite number?
True
Suppose 98*z + 3*w = 96*z + 322915, -4*z - 5*w = -645827. Is z a composite number?
False
Suppose 590815 = -6171*n + 6161*n + 1784765. Is n a composite number?
True
Suppose -f + 9147 = -p, 4*f + 10*p = 9*p + 36613. Suppose 0 = 3*r - 3*y - 6846, -4*y = 11*r - 7*r - f. Is r a prime number?
False
Suppose -3*r - 16*u + 33353 = -12*u, u - 5 = 0. Let y = r - 4042. Is y a composite number?
False
Let x(j) be the second derivative of -13/2*j**2 + 0 - 31*j + 55/12*j**4 - 5/6*j**3. Is x(6) a prime number?
False
Let h be ((-15108)/18)/((-2)/(-6)). Let k be (h - 1) + (-8)/(-8). Is k/(-4) - (-33)/22 a prime number?
True
Suppose -90197 = -4*a + 4*w + 48999, 5*a + 6*w - 173951 = 0. Is a a prime number?
False
Let w = 85 - 81. Suppose 0*g + w*g - 16 = 0. Suppose 1272 = g*l - 1184. Is l a composite number?
True
Let f(b) = -2*b**2 - 2*b - 2. Let m be f(-2). Is (-1 - m) + 793 + -19 prime?
False
Let j(u) = 573*u**3 + 2*u**2 - 15*u + 43. Is j(3) a prime number?
False
Suppose 0 = -32*z + 3*z + 1442141. Is z prime?
False
Let g(h) = -h**3 - 14*h**2 - 15*h - 14. Let b be g(-18). Let p = 3113 - b. Is p prime?
False
Is 18 - -1 - -41003 - 11 prime?
True
Let a be (-2872)/64 - 1/8. Is (1031/(-2))/(a/270) composite?
True
Suppose -5*a - 2*v = -838495, a + 17*v = 18*v + 167699. Is a prime?
False
Let w be 99/(-55)*(-1 + -14). Let k = 55 - w. Is 3284/(-5)*(-70)/k a prime number?
False
Let l be 72/5*(-17)/((-85)/(-5150)). Let r = 38389 + l. Is r a composite number?
False
Let a be 139380/35 - (64/28 - 2). Let x = 9539 - a. Is x composite?
False
Let y be (-5)/(30/(-125304)) - (4 - 9). Let d = 33212 - y. Is d a prime number?
True
Let t be -15*(-3 + (-12)/(-9)). Suppose 23*d = t*d - 534. Suppose 4*l - 2345 = d. Is l a prime number?
True
Let g(m) = 95*m + 1 - 90*m + 1241*m**2 + 978*m**2 - 718*m**2. Is g(-1) a prime number?
False
Let l = -641099 + 1016652. Is l prime?
True
Let u be 139*(84/10 - 6/(-10)). Let o be ((-1360)/60)/(2/u). Is o/(-38) - 56/532 composite?
False
Let z = 698486 - 329067. Is z a prime number?
True
Let s be 13/2 + 1/(-2). Let m(o) = -7*o**3 + 4*o**2 - 5*o + 10. Let x be m(-8). Is (3/s)/(5/x) composite?
False
Suppose 260 = -0*n - 10*n. Is (3 + 22/(-6))/(n/389415) composite?
True
Let m = 36 - 36. Suppose 4*a + a 